{"id":484,"date":"2024-08-14T11:10:13","date_gmt":"2024-08-14T11:10:13","guid":{"rendered":"https:\/\/expert.edschats.varion.de\/?page_id=484"},"modified":"2024-08-26T08:12:50","modified_gmt":"2024-08-26T08:12:50","slug":"verteiler-fernmarkt-vollplane-tabelle-vergleich","status":"publish","type":"page","link":"https:\/\/expert.edschats.varion.de\/?page_id=484","title":{"rendered":"Verteiler Fernmarkt Vollplane Tabelle Vergleich"},"content":{"rendered":"\t\t<div data-elementor-type=\"wp-page\" data-elementor-id=\"484\" class=\"elementor elementor-484\">\n\t\t\t\t<div class=\"elementor-element elementor-element-0d3c8db e-flex e-con-boxed e-con e-parent\" data-id=\"0d3c8db\" data-element_type=\"container\">\n\t\t\t\t\t<div class=\"e-con-inner\">\n\t\t\t\t<div class=\"elementor-element elementor-element-28d4a6e elementor-widget elementor-widget-heading\" data-id=\"28d4a6e\" data-element_type=\"widget\" data-widget_type=\"heading.default\">\n\t\t\t\t<div class=\"elementor-widget-container\">\n\t\t\t<style>\/*! elementor - v3.23.0 - 05-08-2024 *\/\n.elementor-heading-title{padding:0;margin:0;line-height:1}.elementor-widget-heading .elementor-heading-title[class*=elementor-size-]>a{color:inherit;font-size:inherit;line-height:inherit}.elementor-widget-heading .elementor-heading-title.elementor-size-small{font-size:15px}.elementor-widget-heading .elementor-heading-title.elementor-size-medium{font-size:19px}.elementor-widget-heading .elementor-heading-title.elementor-size-large{font-size:29px}.elementor-widget-heading .elementor-heading-title.elementor-size-xl{font-size:39px}.elementor-widget-heading .elementor-heading-title.elementor-size-xxl{font-size:59px}<\/style><h2 class=\"elementor-heading-title elementor-size-default\">Unsere Vollplane Aufbausysteme im Vergleich<\/h2>\t\t<\/div>\n\t\t\t\t<\/div>\n\t\t\t\t<div class=\"elementor-element elementor-element-a54df1c elementor-widget elementor-widget-heading\" data-id=\"a54df1c\" data-element_type=\"widget\" data-widget_type=\"heading.default\">\n\t\t\t\t<div class=\"elementor-widget-container\">\n\t\t\t<h3 class=\"elementor-heading-title elementor-size-default\">Verdecktypen & Beladung von Oben<\/h3>\t\t<\/div>\n\t\t\t\t<\/div>\n\t\t\t\t\t<\/div>\n\t\t\t\t<\/div>\n\t\t<div class=\"elementor-element elementor-element-d0dfa95 e-flex e-con-boxed e-con e-parent\" data-id=\"d0dfa95\" data-element_type=\"container\">\n\t\t\t\t\t<div class=\"e-con-inner\">\n\t\t\t\t<div class=\"elementor-element elementor-element-bdb6077 elementor-widget elementor-widget-htmega-datatable-addons\" data-id=\"bdb6077\" data-element_type=\"widget\" data-widget_type=\"htmega-datatable-addons.default\">\n\t\t\t\t<div class=\"elementor-widget-container\">\n\t\t\t        <div class=\"htmega-table-style htmega-table-style-3 htb-table-responsive\">\n            <table class=\"htb-table \">\n                                    <thead>\n                        <tr>\n                            <th class='elementor-repeater-item-af7c6e8'><\/th><th class='elementor-repeater-item-b668da9'>VP-Vario<\/th><th class='elementor-repeater-item-024d603'>VP-Vario Fix<\/th>                        <\/tr>\n                    <\/thead>\n                                <tbody>\n                                            <tr>\n                            <td class=\"elementor-repeater-item-b94de6c\" >t\u00e4glich \/ h\u00e4ufig<\/td><td class=\"elementor-repeater-item-aee9d5f\" ><div class=\"elementor-repeater-item-aee9d5f\"><i aria-hidden=\"false\" class=\"fas fa-check\"><\/i><\/div><\/td><td class=\"elementor-repeater-item-ea5b936\" ><div class=\"elementor-repeater-item-ea5b936\"><\/div><\/td>                        <\/tr>\n                                            <tr>\n                            <td class=\"elementor-repeater-item-0b29fed\" >gelegentlich &amp; trocken<\/td><td class=\"elementor-repeater-item-1216a80\" ><div class=\"elementor-repeater-item-1216a80\"><i aria-hidden=\"false\" class=\"fas fa-check\"><\/i><\/div><\/td><td class=\"elementor-repeater-item-c89b350\" ><div class=\"elementor-repeater-item-c89b350\"><\/div><\/td>                        <\/tr>\n                                            <tr>\n                            <td class=\"elementor-repeater-item-36c46c9\" >(fast) nie<\/td><td class=\"elementor-repeater-item-5b14cfb\" ><div class=\"elementor-repeater-item-5b14cfb\"><\/div><\/td><td class=\"elementor-repeater-item-8eef132\" >nur notverschiebbar<\/td>                        <\/tr>\n                                    <\/tbody>\n            <\/table>\n        <\/div>\n        \t\t<\/div>\n\t\t\t\t<\/div>\n\t\t\t\t\t<\/div>\n\t\t\t\t<\/div>\n\t\t<div class=\"elementor-element elementor-element-403eb11 e-flex e-con-boxed e-con e-parent\" data-id=\"403eb11\" data-element_type=\"container\">\n\t\t\t\t\t<div class=\"e-con-inner\">\n\t\t\t\t<div class=\"elementor-element elementor-element-a4ba1ec elementor-widget elementor-widget-heading\" data-id=\"a4ba1ec\" data-element_type=\"widget\" data-widget_type=\"heading.default\">\n\t\t\t\t<div class=\"elementor-widget-container\">\n\t\t\t<h3 class=\"elementor-heading-title elementor-size-default\">Beladung von der Seite<\/h3>\t\t<\/div>\n\t\t\t\t<\/div>\n\t\t\t\t\t<\/div>\n\t\t\t\t<\/div>\n\t\t<div class=\"elementor-element elementor-element-af1685e e-flex e-con-boxed e-con e-parent\" data-id=\"af1685e\" data-element_type=\"container\">\n\t\t\t\t\t<div class=\"e-con-inner\">\n\t\t\t\t<div class=\"elementor-element elementor-element-52195f1 elementor-widget elementor-widget-htmega-datatable-addons\" data-id=\"52195f1\" data-element_type=\"widget\" data-widget_type=\"htmega-datatable-addons.default\">\n\t\t\t\t<div class=\"elementor-widget-container\">\n\t\t\t        <div class=\"htmega-table-style htmega-table-style-3 htb-table-responsive\">\n            <table class=\"htb-table \">\n                                    <thead>\n                        <tr>\n                            <th class='elementor-repeater-item-af7c6e8'><\/th><th class='elementor-repeater-item-b668da9'>VP-Vario<\/th><th class='elementor-repeater-item-024d603'>VP-Vario Fix<\/th>                        <\/tr>\n                    <\/thead>\n                                <tbody>\n                                            <tr>\n                            <td class=\"elementor-repeater-item-b94de6c\" >regelm\u00e4\u00dfig<\/td><td class=\"elementor-repeater-item-aee9d5f\" ><div class=\"elementor-repeater-item-aee9d5f\"><i aria-hidden=\"false\" class=\"fas fa-check\"><\/i><\/div><\/td><td class=\"elementor-repeater-item-ea5b936\" ><div class=\"elementor-repeater-item-ea5b936\"><\/div><\/td>                        <\/tr>\n                                            <tr>\n                            <td class=\"elementor-repeater-item-0b29fed\" >(Fast) nie<\/td><td class=\"elementor-repeater-item-c89b350\" ><div class=\"elementor-repeater-item-c89b350\"><\/div><\/td><td class=\"elementor-repeater-item-1216a80\" ><div class=\"elementor-repeater-item-1216a80\"><i aria-hidden=\"false\" class=\"fas fa-check\"><\/i><\/div><\/td>                        <\/tr>\n                                    <\/tbody>\n            <\/table>\n        <\/div>\n        \t\t<\/div>\n\t\t\t\t<\/div>\n\t\t\t\t\t<\/div>\n\t\t\t\t<\/div>\n\t\t<div class=\"elementor-element elementor-element-f394a82 e-flex e-con-boxed e-con e-parent\" data-id=\"f394a82\" data-element_type=\"container\">\n\t\t\t\t\t<div class=\"e-con-inner\">\n\t\t\t\t<div class=\"elementor-element elementor-element-85690d8 elementor-widget elementor-widget-button\" data-id=\"85690d8\" data-element_type=\"widget\" data-widget_type=\"button.default\">\n\t\t\t\t<div class=\"elementor-widget-container\">\n\t\t\t\t\t<div class=\"elementor-button-wrapper\">\n\t\t\t<a class=\"elementor-button elementor-button-link elementor-size-sm\" href=\"https:\/\/www.edschats.com\/en\/products\/edscha-ts\/vario---verdecksysteme\/\" target=\"_blank\">\n\t\t\t\t\t\t<span class=\"elementor-button-content-wrapper\">\n\t\t\t\t\t\t\t\t\t<span class=\"elementor-button-text\">VP-Vario<\/span>\n\t\t\t\t\t<\/span>\n\t\t\t\t\t<\/a>\n\t\t<\/div>\n\t\t\t\t<\/div>\n\t\t\t\t<\/div>\n\t\t\t\t<div class=\"elementor-element elementor-element-8648656 elementor-widget elementor-widget-button\" data-id=\"8648656\" data-element_type=\"widget\" data-widget_type=\"button.default\">\n\t\t\t\t<div class=\"elementor-widget-container\">\n\t\t\t\t\t<div class=\"elementor-button-wrapper\">\n\t\t\t<a class=\"elementor-button elementor-button-link elementor-size-sm\" href=\"https:\/\/www.edschats.com\/en\/products\/edscha-ts\/vario---verdecksysteme\/\" target=\"_blank\">\n\t\t\t\t\t\t<span class=\"elementor-button-content-wrapper\">\n\t\t\t\t\t\t\t\t\t<span class=\"elementor-button-text\">VP-Vario Fix<\/span>\n\t\t\t\t\t<\/span>\n\t\t\t\t\t<\/a>\n\t\t<\/div>\n\t\t\t\t<\/div>\n\t\t\t\t<\/div>\n\t\t\t\t\t<\/div>\n\t\t\t\t<\/div>\n\t\t<div class=\"elementor-element elementor-element-759610e e-flex e-con-boxed e-con e-parent\" data-id=\"759610e\" data-element_type=\"container\">\n\t\t\t\t\t<div class=\"e-con-inner\">\n\t\t\t\t<div class=\"elementor-element elementor-element-2597a2c elementor-widget elementor-widget-heading\" data-id=\"2597a2c\" data-element_type=\"widget\" data-widget_type=\"heading.default\">\n\t\t\t\t<div class=\"elementor-widget-container\">\n\t\t\t<h2 class=\"elementor-heading-title elementor-size-default\">Beladung von Hinten\n(kombinierbar mit allen Verdecktypen)<\/h2>\t\t<\/div>\n\t\t\t\t<\/div>\n\t\t\t\t\t<\/div>\n\t\t\t\t<\/div>\n\t\t<div class=\"elementor-element elementor-element-a0f2269 e-flex e-con-boxed e-con e-parent\" data-id=\"a0f2269\" data-element_type=\"container\">\n\t\t\t\t\t<div class=\"e-con-inner\">\n\t\t\t\t<div class=\"elementor-element elementor-element-0f5c6c0 elementor-widget elementor-widget-htmega-datatable-addons\" data-id=\"0f5c6c0\" data-element_type=\"widget\" data-widget_type=\"htmega-datatable-addons.default\">\n\t\t\t\t<div class=\"elementor-widget-container\">\n\t\t\t        <div class=\"htmega-table-style htmega-table-style-3 htb-table-responsive\">\n            <table class=\"htb-table \">\n                                    <thead>\n                        <tr>\n                            <th class='elementor-repeater-item-1e719ba'><\/th><th class='elementor-repeater-item-6a79023'>Portalbalken<\/th><th class='elementor-repeater-item-04162ce'>Endspriegel<\/th>                        <\/tr>\n                    <\/thead>\n                                <tbody>\n                                            <tr>\n                            <td class=\"elementor-repeater-item-b94de6c\" >Containert\u00fcr<\/td><td class=\"elementor-repeater-item-ea5b936\" ><div class=\"elementor-repeater-item-ea5b936\"><i aria-hidden=\"false\" class=\"fas fa-check\"><\/i><\/div><\/td><td class=\"elementor-repeater-item-aee9d5f\" ><div class=\"elementor-repeater-item-aee9d5f\"><\/div><\/td>                        <\/tr>\n                                            <tr>\n                            <td class=\"elementor-repeater-item-0b29fed\" >Softdoor<\/td><td class=\"elementor-repeater-item-c89b350\" ><div class=\"elementor-repeater-item-c89b350\"><\/div><\/td><td class=\"elementor-repeater-item-1216a80\" ><div class=\"elementor-repeater-item-1216a80\"><i aria-hidden=\"false\" class=\"fas fa-check\"><\/i><\/div><\/td>                        <\/tr>\n                                            <tr>\n                                                    <\/tr>\n                                    <\/tbody>\n            <\/table>\n        <\/div>\n        \t\t<\/div>\n\t\t\t\t<\/div>\n\t\t\t\t\t<\/div>\n\t\t\t\t<\/div>\n\t\t<div class=\"elementor-element elementor-element-1a5e525 e-flex e-con-boxed e-con e-parent\" data-id=\"1a5e525\" data-element_type=\"container\">\n\t\t\t\t\t<div class=\"e-con-inner\">\n\t\t\t\t<div class=\"elementor-element elementor-element-6e3a33a elementor-align-left elementor-widget elementor-widget-button\" data-id=\"6e3a33a\" data-element_type=\"widget\" data-widget_type=\"button.default\">\n\t\t\t\t<div class=\"elementor-widget-container\">\n\t\t\t\t\t<div class=\"elementor-button-wrapper\">\n\t\t\t<a class=\"elementor-button elementor-button-link elementor-size-sm\" href=\"https:\/\/expert.edschats.varion.de\/?page_id=242\">\n\t\t\t\t\t\t<span class=\"elementor-button-content-wrapper\">\n\t\t\t\t\t\t\t\t\t<span class=\"elementor-button-text\">Zur\u00fcck<\/span>\n\t\t\t\t\t<\/span>\n\t\t\t\t\t<\/a>\n\t\t<\/div>\n\t\t\t\t<\/div>\n\t\t\t\t<\/div>\n\t\t\t\t<div class=\"elementor-element elementor-element-eafd806 elementor-align-right elementor-widget elementor-widget-button\" data-id=\"eafd806\" data-element_type=\"widget\" data-widget_type=\"button.default\">\n\t\t\t\t<div class=\"elementor-widget-container\">\n\t\t\t\t\t<div class=\"elementor-button-wrapper\">\n\t\t\t<a class=\"elementor-button elementor-button-link elementor-size-sm\" href=\"https:\/\/www.edschats.com\/kontakt1\/kontakt\/kontaktformular\/\" target=\"_blank\">\n\t\t\t\t\t\t<span class=\"elementor-button-content-wrapper\">\n\t\t\t\t\t\t\t\t\t<span class=\"elementor-button-text\">Kontakt aufnehmen<\/span>\n\t\t\t\t\t<\/span>\n\t\t\t\t\t<\/a>\n\t\t<\/div>\n\t\t\t\t<\/div>\n\t\t\t\t<\/div>\n\t\t\t\t\t<\/div>\n\t\t\t\t<\/div>\n\t\t<div class=\"elementor-element elementor-element-dd53380 e-flex e-con-boxed e-con e-parent\" data-id=\"dd53380\" data-element_type=\"container\">\n\t\t\t\t\t<div class=\"e-con-inner\">\n\t\t\t\t<div class=\"elementor-element elementor-element-629641f elementor-widget elementor-widget-progress\" data-id=\"629641f\" data-element_type=\"widget\" data-widget_type=\"progress.default\">\n\t\t\t\t<div class=\"elementor-widget-container\">\n\t\t\t<style>\/*! elementor - v3.23.0 - 05-08-2024 *\/\n.elementor-widget-progress{text-align:start}.elementor-progress-wrapper{position:relative;background-color:#eee;color:#fff;height:100%;border-radius:2px}.elementor-progress-bar{display:flex;background-color:#69727d;width:0;font-size:11px;height:30px;line-height:30px;border-radius:2px;transition:width 1s ease-in-out}.elementor-progress-text{flex-grow:1;white-space:nowrap;text-overflow:ellipsis;overflow:hidden;padding-inline-start:15px}.elementor-progress-percentage{padding-inline-end:15px}.elementor-widget-progress .elementor-progress-wrapper.progress-info .elementor-progress-bar{background-color:#5bc0de}.elementor-widget-progress .elementor-progress-wrapper.progress-success .elementor-progress-bar{background-color:#5cb85c}.elementor-widget-progress .elementor-progress-wrapper.progress-warning .elementor-progress-bar{background-color:#f0ad4e}.elementor-widget-progress .elementor-progress-wrapper.progress-danger .elementor-progress-bar{background-color:#d9534f}.elementor-progress .elementor-title{display:block}@media (max-width:767px){.elementor-progress-text{padding-inline-start:10px}}.e-con-inner .elementor-progress-wrapper,.e-con .elementor-progress-wrapper{height:auto}<\/style>\n\t\t<div class=\"elementor-progress-wrapper\" role=\"progressbar\" aria-valuemin=\"0\" aria-valuemax=\"100\" aria-valuenow=\"100\">\n\t\t\t<div class=\"elementor-progress-bar\" data-max=\"100\">\n\t\t\t\t<span class=\"elementor-progress-text\"><\/span>\n\t\t\t\t\t\t\t\t\t<span class=\"elementor-progress-percentage\">100%<\/span>\n\t\t\t\t\t\t\t<\/div>\n\t\t<\/div>\n\t\t\t\t<\/div>\n\t\t\t\t<\/div>\n\t\t\t\t\t<\/div>\n\t\t\t\t<\/div>\n\t\t\t\t<\/div>\n\t\t","protected":false},"excerpt":{"rendered":"<p>Unsere Vollplane Aufbausysteme im Vergleich Verdecktypen &#038; Beladung von Oben VP-Vario VP-Vario Fix t\u00e4glich \/ h\u00e4ufig gelegentlich &amp; trocken (fast) nie nur notverschiebbar Beladung von der Seite VP-Vario VP-Vario Fix regelm\u00e4\u00dfig (Fast) nie VP-Vario VP-Vario Fix Beladung von Hinten (kombinierbar mit allen Verdecktypen) Portalbalken Endspriegel Containert\u00fcr Softdoor Zur\u00fcck Kontakt aufnehmen 100%<\/p>\n","protected":false},"author":1,"featured_media":0,"parent":0,"menu_order":0,"comment_status":"closed","ping_status":"closed","template":"","meta":{"footnotes":""},"class_list":["post-484","page","type-page","status-publish","hentry"],"_links":{"self":[{"href":"https:\/\/expert.edschats.varion.de\/index.php?rest_route=\/wp\/v2\/pages\/484","targetHints":{"allow":["GET"]}}],"collection":[{"href":"https:\/\/expert.edschats.varion.de\/index.php?rest_route=\/wp\/v2\/pages"}],"about":[{"href":"https:\/\/expert.edschats.varion.de\/index.php?rest_route=\/wp\/v2\/types\/page"}],"author":[{"embeddable":true,"href":"https:\/\/expert.edschats.varion.de\/index.php?rest_route=\/wp\/v2\/users\/1"}],"replies":[{"embeddable":true,"href":"https:\/\/expert.edschats.varion.de\/index.php?rest_route=%2Fwp%2Fv2%2Fcomments&post=484"}],"version-history":[{"count":10,"href":"https:\/\/expert.edschats.varion.de\/index.php?rest_route=\/wp\/v2\/pages\/484\/revisions"}],"predecessor-version":[{"id":783,"href":"https:\/\/expert.edschats.varion.de\/index.php?rest_route=\/wp\/v2\/pages\/484\/revisions\/783"}],"wp:attachment":[{"href":"https:\/\/expert.edschats.varion.de\/index.php?rest_route=%2Fwp%2Fv2%2Fmedia&parent=484"}],"curies":[{"name":"wp","href":"https:\/\/api.w.org\/{rel}","templated":true}]}}